= -3*k. What is the units digit of k?
3
What is the units digit of 76/114*(-1041)/(-2)?
7
Let s(q) = 3*q**2 + 9*q. Let z = 39 - 32. What is the units digit of s(z)?
0
Suppose 4*b + 4*i = b + 104, 4*b - 122 = -2*i. Suppose m - 3*d + 14 = -m, 0 = -4*m + 4*d - b. Let n(g) = g**3 + 7*g**2 - g + 5. What is the tens digit of n(m)?
1
Suppose 0 = 34*o - 37*o + 2538. What is the hundreds digit of o?
8
Let l(b) = b**3 - 10*b**2 + 12*b - 6. Let m be l(9). What is the tens digit of (m + (-3)/(-1))*3?
7
Suppose -5*f - 59 = 4*m, 4*f + 46 = -0*f - 2*m. Let g = f - -11. Suppose -4*a - 2*a + 456 = g. What is the tens digit of a?
7
Let f = -40 - -112. Suppose -5*j = 2*m - 189, 0*m - 2*m = 2*j - f. What is the units digit of j?
9
Suppose 2*d - 4 = 4*d, 944 = 2*l - 3*d. What is the hundreds digit of l?
4
Let i be 11/(-7) - (-48)/84. Let c be 82/10 - i/(-5). Suppose 0 = -2*d - c, 3*q = 2*q + 3*d + 14. What is the units digit of q?
2
Suppose -o = -4*p + 150, -4*p + 0*o - 3*o + 158 = 0. Suppose j + y = -4*y + p, -2*y + 36 = 2*j. Let b = -9 + j. What is the units digit of b?
4
Let r = 61 + -19. What is the units digit of r?
2
Let q be (4/5)/((-10)/(-75)). Let x be q*(0 + 3/6). Suppose z + 4*t - x*t = 4, 0 = 5*t + 25. What is the units digit of z?
9
Suppose -u + 178 - 54 = 4*a, 93 = 3*a - 2*u. Suppose 2*x + a + 11 = 0. What is the units digit of 4/(-3)*x/14?
2
Suppose -2*a - 3*a - 335 = 0. Let o = 149 - a. Suppose 5*s - 4*k = 222, o = 5*s + k - 3*k. What is the units digit of s?
2
Suppose -5*m - 4 = -49. Suppose h = 3*v - m, 3*h + 0*v = 5*v - 23. What is the units digit of (-1)/((h/99)/2)?
3
Let x = 11 - 8. Suppose m - x*o = -0*m, -m - 2*o = -5. Suppose -m*p + 8*p = 165. What is the tens digit of p?
3
Suppose -14*r + 12 = -8*r. Suppose r*w = -0*d + 4*d - 300, 207 = 3*d + 3*w. What is the units digit of d?
3
Suppose 4*o - 96 = 3*b, 5*o + 6 = 3*b + 126. Suppose 2*v + 2*v = -8. Let h = o - v. What is the tens digit of h?
2
What is the hundreds digit of -1 + 5 + (632 - 168/(-12))?
6
Let y(j) be the second derivative of -j**3/3 - 8*j**2 + 10*j. Let u be y(-8). Suppose u = -i - 34 + 89. What is the tens digit of i?
5
Suppose -45 - 47 = -2*i. Let n = 413 - 381. Let s = i - n. What is the tens digit of s?
1
Let r(b) = -211*b - 120. What is the units digit of r(-5)?
5
Let y = 8386 - 4253. What is the units digit of y?
3
Suppose 2123*q + 3800 = 2127*q. What is the hundreds digit of q?
9
Let a(l) = 127*l - 272*l - 6 + 126*l. What is the units digit of a(-4)?
0
Let s(c) = -36 + c**2 - 21 + 17 - c**3. Let x be s(0). What is the units digit of 10/x + 241/4?
0
Let g be (-4)/18 + 6695/117. Let u = 117 - g. What is the tens digit of u?
6
Let q(w) = 6*w + 4. Let j be q(11). What is the units digit of ((-60)/j)/((-2)/168)?
2
Suppose 3*q = 4*m + 4512, -30*q = -27*q + 3*m - 4512. What is the units digit of q?
4
Suppose -19*v + 38007 + 64593 = 0. What is the tens digit of v?
0
Let d(q) = -q**2 + 8*q - 8. Let g be 12*-4*1/(-8). Let s be d(g). Let b(a) = a + 8. What is the tens digit of b(s)?
1
Suppose 56*u = 152752 + 31376. What is the tens digit of u?
8
Suppose -5*r + 3*o - 264 = 0, -246 = 5*r - 3*o + 6*o. Let h = 17 - r. What is the units digit of h?
8
Let j(b) be the third derivative of 23*b**6/120 + b**4/8 - b**3/3 - 4*b**2. Let d = -12 + 13. What is the tens digit of j(d)?
2
Let m = -3 - -8. Let w be -6*(-4)/(-10)*m. What is the units digit of w/(-10)*(-50)/(-3)?
0
Let m = 171 - -387. What is the tens digit of m?
5
Suppose -846 = 4*b - 3*o, 4*o - 268 = 2*b + 160. What is the tens digit of (-36)/14*b/9?
6
Let q(r) = r**2 - 18*r + 5. Let v be q(18). Let s(o) = -o - 7. Let z be s(-7). Suppose z = -f + i - 2*i + v, -5*f + i + 49 = 0. What is the units digit of f?
9
Let n = -4 - -5. Let i(g) = 35*g**3 + 2*g - 1. Let w be i(n). What is the units digit of (-5)/(-1 - (-32)/w)?
5
Suppose 3*w + 2*w = 100. Let f = -13 + w. Suppose f*q = 4*q + 5*p + 22, -q = p - 18. What is the units digit of q?
4
Let t = 583 - -327. What is the tens digit of t?
1
Suppose 3*z - 2054 = -650. What is the units digit of z?
8
Suppose 3 = -10*w - 7. What is the units digit of w*(-2 - 0 - 95) - -1?
8
Suppose -4*m - 2087 = -z, 2*z - 13*m - 4160 = -12*m. What is the tens digit of z?
7
Suppose p = -p. What is the units digit of (p - (-2)/3)*21?
4
Suppose -25020 = -7795*j + 7785*j. What is the thousands digit of j?
2
Suppose -5*m + 20 = -h, -3*h - 12 = -3*m - 0*m. Let z(k) be the first derivative of -k**2 + 5*k + 4. What is the units digit of z(h)?
5
Let y = 3113 - 217. What is the units digit of y?
6
Suppose -w = 2*i - 0*w - 7, i + 5*w - 8 = 0. Suppose 5*y + 38 = 5*j - 247, -171 = -i*j + 4*y. What is the units digit of j?
7
Let r(f) = 11*f**2 + 29. What is the tens digit of r(5)?
0
Suppose o = -5*m + 746, -7*m = -10*m - 3*o + 450. What is the units digit of m?
9
Suppose -3*v + 7788 = -3*j, 0 = 5*v + 5*j - 366 - 12564. What is the hundreds digit of v?
5
Suppose -3*u - 3*w = -15, -u + 3*w = -6*u + 25. Let t(f) = f**3 - 3*f**2 + 7*f - 11. What is the tens digit of t(u)?
7
Let i = -10 - -8. Let d be (4 + i)*(-97)/(-2). Let t = d + -67. What is the units digit of t?
0
Let s = -42 + 42. Suppose -2*x = -s*x - 210. What is the units digit of x?
5
Let i = 4886 + -1439. What is the units digit of i?
7
Suppose -4*a = -2*a + 4. What is the tens digit of a + 0 - (-250)/10?
2
Let o(d) = -14*d + 117. Let i be o(8). Let h be 1*(7 - 0/2). Suppose -h*z - i = -8*z. What is the units digit of z?
5
Let f(k) = -k**3 + 7*k**2 + 5*k - 14. Let g be f(7). Suppose 3*l - 66 - g = 0. What is the units digit of l?
9
Let h = -8 - -9. Suppose -3*p - 5*b - h = -52, -3*b - 3 = -p. Suppose p = t + t. What is the units digit of t?
6
Suppose 5*o = -4*q - 79, -o + 3*o + 22 = -q. Let d be 296*(-7)/(-84) - (-2)/6. Let y = q + d. What is the units digit of y?
9
Suppose 3*v - 4*u = v + 888, 4*u = 4*v - 1772. Suppose -5*y = 112 - v. What is the units digit of y?
6
Suppose -2*y - y = -3*r + 12, 0 = 2*r + 2*y. Suppose -3*j = j + 3*f - 504, 5*j - 653 = r*f. What is the hundreds digit of j?
1
Let f(r) = r**2 - 3*r + 2. Let h be f(3). Suppose -7*b + h*b = -10. What is the units digit of b?
2
Suppose -c + 3 = 2. Suppose -40 = -2*h - 5*u, -5*h = -0*h + 5*u - 85. Let m = c + h. What is the tens digit of m?
1
What is the units digit of -1*(4 + -8)*(-1189)/(-4)?
9
Let c = -199 - -451. What is the units digit of c?
2
Suppose 171 = -2*d + 3167. What is the units digit of d?
8
Suppose -6*i + 1909 = -5555. What is the units digit of i?
4
Let v(d) = d**2 - 4*d - 23. Suppose 7*t + 2*t - 189 = 0. Let h = -11 + t. What is the units digit of v(h)?
7
Let u = 128 - 187. What is the units digit of (-4)/10*(u + (-36)/6)?
6
Let x(r) be the second derivative of -r**3/6 + 7*r**2 + 4*r. Let j be x(12). Suppose -2*k = -5*m + 82, 5 = j*m + 3*k - 43. What is the units digit of m?
8
What is the units digit of 0 - ((-586)/10 + 2/(-5))?
9
Let z = 32 + -27. Suppose -227 = -z*r + 213. What is the tens digit of r?
8
Let q = 863 - 408. Suppose 3*d - 4*w = -5*w + q, -3*w = -d + 155. What is the tens digit of d?
5
Suppose -9*c = -8*c - 4*z - 49, 0 = -2*c - 3*z + 43. Let x = 127 - c. What is the units digit of x?
8
Suppose o = -3*x + 561 + 26, -o + 393 = 2*x. What is the units digit of x?
4
Suppose 52*j - 47*j + 10735 = 5*l, 2153 = l - 3*j. What is the tens digit of l?
4
Suppose -17*l = -0*l - 18649. What is the tens digit of l?
9
Suppose 6 = 2*j - 5*f, 20*f - 19*f = -3*j + 9. Suppose -d = 2*d, -5*d = -t + 33. Suppose -j*k + t = -45. What is the tens digit of k?
2
Suppose 1 = w, 8 = -3*h - 2*w + 7*w. Let o be h*(1 + -2) + 0. What is the tens digit of 3*o - (-12 + -2)?
1
Let o(z) = 90*z**2 + 61*z - 354. What is the tens digit of o(6)?
5
Let r(i) = i**2 - 4 + 3 + 3*i + 4. What is the tens digit of r(2)?
1
Let j = -622 - -5939. What is the units digit of j?
7
Suppose -6424 = -11*q - 11*q. What is the hundreds digit of q?
2
Let m(n) = n**3 - 11*n**2 - 19*n - 51. What is the tens digit of m(15)?
6
Let i(s) = -4*s + 8. Let f be i(8). Let k = 17 - f. Suppose -4*q + 0*t + k = t, -q - 5*t + 34 = 0. What is the units digit of q?
9
Suppose 0 = -2*z + z + 810. Let n = z + -546. What is the hundreds digit of n?
2
Let i = -43 + 46. Suppose i*j + 5 = 392. What is the units digit of j?
9
Let f be 150 + (-3 - -4*3/2